at is the highest common factor of 2303 and 882?
49
Calculate the greatest common divisor of 300429 and 243.
81
What is the highest common factor of 38148 and 117436?
748
Calculate the greatest common divisor of 25144 and 6748.
28
Calculate the greatest common divisor of 917264 and 64.
16
Calculate the greatest common divisor of 25668 and 69.
69
Calculate the greatest common divisor of 164200 and 5600.
200
What is the greatest common divisor of 510279 and 154?
77
Calculate the greatest common factor of 41 and 810119.
41
What is the greatest common factor of 12332 and 156?
4
Calculate the greatest common factor of 350163 and 44.
11
Calculate the highest common divisor of 12804 and 198656.
388
Calculate the highest common factor of 1804 and 656.
164
What is the highest common divisor of 132 and 192732?
12
Calculate the greatest common divisor of 190239 and 14.
7
What is the highest common divisor of 10200 and 225?
75
Calculate the greatest common factor of 684 and 10.
2
What is the greatest common factor of 432 and 7808?
16
What is the highest common factor of 23600 and 220?
20
Calculate the greatest common divisor of 116990 and 4.
2
What is the greatest common divisor of 15675 and 8835?
285
What is the highest common divisor of 232560 and 42180?
1140
Calculate the greatest common factor of 1287 and 37026.
99
Calculate the greatest common divisor of 36393 and 287.
7
Calculate the highest common divisor of 752 and 16732.
188
Calculate the greatest common factor of 7051 and 33.
11
What is the highest common divisor of 8547 and 3003?
231
Calculate the greatest common factor of 63854 and 2.
2
Calculate the highest common factor of 460153 and 12023.
1093
What is the highest common divisor of 131343 and 12?
3
What is the highest common divisor of 55 and 39083?
11
Calculate the highest common divisor of 1452 and 142.
2
Calculate the highest common factor of 3360 and 1428.
84
Calculate the highest common factor of 435290 and 4503.
1501
What is the greatest common factor of 3818880 and 459?
459
What is the greatest common factor of 8777 and 1048?
131
Calculate the highest common factor of 14400 and 11712.
192
What is the greatest common divisor of 1560 and 284310?
390
What is the highest common factor of 79871 and 165?
11
Calculate the greatest common divisor of 32248 and 32.
8
What is the greatest common divisor of 116 and 25027?
29
Calculate the highest common factor of 4 and 50068.
4
What is the highest common divisor of 3150 and 405090?
630
What is the greatest common factor of 82 and 171298?
82
What is the highest common divisor of 396 and 99836?
44
What is the greatest common factor of 16 and 32592?
16
Calculate the greatest common divisor of 7482 and 3698.
86
Calculate the greatest common divisor of 543 and 177.
3
Calculate the greatest common divisor of 238 and 58.
2
What is the highest common factor of 280 and 6335?
35
Calculate the highest common divisor of 731066 and 1817.
79
What is the greatest common factor of 3312 and 2921?
23
Calculate the highest common divisor of 66 and 1688082.
66
What is the highest common factor of 10062 and 7138?
86
Calculate the highest common divisor of 3000 and 2125.
125
What is the highest common factor of 1393 and 39601?
199
Calculate the highest common divisor of 161 and 2875.
23
What is the highest common divisor of 34249 and 232?
29
Calculate the greatest common divisor of 39290 and 10.
10
What is the highest common divisor of 629266 and 11?
11
Calculate the greatest common divisor of 1634383 and 41.
41
Calculate the greatest common divisor of 320 and 412540.
20
Calculate the greatest common factor of 102943 and 29152.
911
Calculate the highest common divisor of 1000 and 406400.
200
What is the greatest common divisor of 842002 and 14?
14
What is the highest common factor of 4368 and 1222?
26
Calculate the greatest common divisor of 3296 and 26.
2
Calculate the highest common divisor of 1194864 and 1116.
372
What is the greatest common divisor of 2032104 and 681?
681
Calculate the highest common factor of 294 and 12936.
294
Calculate the greatest common factor of 8 and 302612.
4
What is the highest common divisor of 301060 and 50?
10
What is the greatest common divisor of 792549 and 1284?
321
What is the highest common divisor of 1048065 and 30?
15
Calculate the highest common divisor of 44630 and 640.
10
What is the greatest common divisor of 16450 and 112?
14
What is the highest common factor of 12 and 482148?
12
What is the highest common divisor of 70 and 805630?
70
What is the highest common factor of 435 and 226635?
435
What is the highest common divisor of 242200 and 2800?
1400
Calculate the greatest common divisor of 2862 and 5292.
54
What is the highest common factor of 2 and 315454?
2
What is the highest common divisor of 55 and 831864?
11
Calculate the highest common factor of 1926 and 1183527.
963
What is the greatest common factor of 348 and 36627?
87
Calculate the greatest common factor of 860193 and 54.
27
Calculate the highest common factor of 212 and 2283664.
212
What is the highest common divisor of 430298 and 22?
22
What is the greatest common divisor of 5328009 and 1251?
1251
What is the greatest common divisor of 576 and 55602?
18
Calculate the greatest common factor of 174 and 5622.
6
What is the greatest common divisor of 4842 and 1818?
18
Calculate the greatest common divisor of 120 and 98000.
40
What is the highest common factor of 18 and 228522?
6
What is the highest common factor of 7936 and 91760?
496
Calculate the highest common divisor of 21722741 and 23.
23
Calculate the greatest common factor of 4255 and 1665.
185
Calculate the highest common factor of 2686 and 4187.
79
What is the greatest common factor of 301 and 369241?
43
Calculate the highest common divisor of 30 and 223578.
6
What is the highest common divisor of 243 and 57177?
9
Calculate the greatest common factor of 1818811 and 521.
521
Calculate the greatest common factor of 2013 and 7503.
183
What is the greatest common divisor of 3368 and 14?
2
Calculate the greatest common factor of 36 and 1037700.
36
Calculate the greatest common divisor of 100687 and 224899.
941
What is the greatest common factor of 2880 and 21?
3
Calculate the greatest common divisor of 18062 and 154.
22
What is the greatest common divisor of 3280 and 619510?
410
Calculate the greatest common factor of 77994 and 36.
18
Calculate the highest common divisor of 56610 and 51.
51
What is the greatest common divisor of 479796 and 12?
12
Calculate the highest common divisor of 2258720 and 608.
608
What is the greatest common divisor of 89739 and 26?
13
Calculate the greatest common factor of 234 and 23686.
26
What is the highest common factor of 1232746 and 1348?
674
Calculate the greatest common factor of 144 and 44944.
16
Calculate the highest common factor of 3089335 and 860.
215
What is the highest common divisor of 1945133 and 529?
529
What is the greatest common factor of 2184 and 621192?
312
What is the highest common factor of 1176 and 21546?
42
Calculate the highest common divisor of 2109588 and 130.
26
Calculate the greatest common divisor of 882 and 332416.
98
Calculate the highest common factor of 7556302 and 26.
26
What is the highest common factor of 24712 and 952?
8
What is the greatest common divisor of 158 and 26149?
79
What is the greatest common factor of 9471 and 297?
33
Calculate the highest common divisor of 8143 and 218903.
479
Calculate the highest common factor of 2895 and 17756.
193
What is the highest common factor of 1023408 and 92?
92
Calculate the greatest common factor of 3105 and 101223.
621
What is the greatest common factor of 4064 and 928?
32
Calculate the highest common factor of 156551 and 3560.
89
What is the highest common divisor of 46866 and 1070?
214
What is the highest common divisor of 2875 and 1127?
23
Calculate the highest common factor of 393477 and 21.
21
What is the greatest common divisor of 432 and 22086?
54
Calculate the highest common factor of 19811804 and 604.
604
What is the highest common divisor of 442 and 289?
17
Calculate the greatest common factor of 4346 and 58300.
106
Calculate the highest common factor of 377 and 213701.
29
Calculate the highest common factor of 3822 and 67912.
26
Wh